st the prime factors of r.
3, 5, 17
Let r be (-4)/6 + 1570/15. List the prime factors of 108/8*r/12.
3, 13
Suppose 0 = -27*v + 7502 + 9211. List the prime factors of v.
619
Let d(a) = a**3 - 13*a**2 - 6*a - 37. List the prime factors of d(14).
3, 5
Let h(t) = 3*t**2 - 4*t - 1. Let w be (-35)/(-11) + (-10)/55. Let u be h(w). Let q = u + 3. What are the prime factors of q?
17
List the prime factors of (-2 - 0)*(-94178)/124.
7, 31
Let y = -24 - -27. Let l(a) = a**3 - 4*a**2 + 6*a - 4. List the prime factors of l(y).
5
Let g(l) = 4*l**2 + 7*l - 14. Let c be 1 - ((-1)/(-4) - 26/8). List the prime factors of g(c).
2, 3, 13
Let m(s) = s**3 - 2*s + 8. Suppose 0 = -4*g + 32 - 12. List the prime factors of m(g).
3, 41
Let t(v) = 20*v - 8*v + 58 + 0*v + 11*v. List the prime factors of t(10).
2, 3
Let d(s) = 5*s**2 - 10*s + 1. List the prime factors of d(-7).
2, 79
Suppose -5*v + 7*i = 4*i - 1421, v = 2*i + 280. What are the prime factors of v?
2, 11, 13
Suppose -2*l - i = -4497, -8*i = 2*l - 10*i - 4488. List the prime factors of l.
3, 7, 107
Let r be -12*3/(-12) + (-1 - 0). Let v(m) = 47*m**2 + 3. List the prime factors of v(r).
191
Let m = 2544 - -2262. What are the prime factors of m?
2, 3, 89
Suppose 3*o + 65 + 70 = 0. Let t be o/(-10) - (-1)/(-2). Suppose -2*x - 16 = -t*x. List the prime factors of x.
2
Let s be 8*(3 + (-1)/(-2)). Suppose 3*w - 3*d - s = -d, 8 = 2*w + 4*d. What are the prime factors of (-8)/(-32) - (-430)/w?
2, 3
Let l = -11 + 12. Let b be -1 + 4 - l - -2. Suppose 4*v + 35 = 3*d - 48, b = -d - 5*v. List the prime factors of d.
3, 7
Let c(m) = 225*m - 194. What are the prime factors of c(21)?
23, 197
List the prime factors of (1568/12)/(1/3).
2, 7
Suppose -g - 69 = 108. Let x = 398 + g. List the prime factors of x.
13, 17
Let n(p) = p**3 + 10*p**2 - 3*p + 13. Let b be n(-10). List the prime factors of 2*b + -14 + 10.
2, 41
Suppose 0 = -31*v + 5*v + 3328. List the prime factors of v.
2
Let k = -37 - -33. Let a(o) = -o**3 + 3*o**2 + 3*o - 6. What are the prime factors of a(k)?
2, 47
Let q = 533 + 288. List the prime factors of q.
821
Suppose 0 = 2*c - 2*y - 546, 3*c + 4*y - 819 = 2*y. List the prime factors of c.
3, 7, 13
Suppose -3*k + 4*z + 899 = 0, 3*k + 597 = 5*k - 5*z. Suppose 0 = -3*u + 155 + k. Suppose -2*l = 3*b + b - 96, -u = -3*l - 2*b. What are the prime factors of l?
2, 13
Suppose -4*u + 5*t = -587, -3*u + 0*t = -5*t - 434. List the prime factors of u.
3, 17
Suppose 195 = -2*v + 33. Let z = -48 - v. List the prime factors of 3 + (-4)/((-12)/z).
2, 7
Let m be (-9 + 6)/(3/(-4)). Let j be (m/(-5))/((-18)/45). Suppose 3*s - 81 = -g, 4*g = j*g - 3*s + 156. List the prime factors of g.
3, 5
Suppose -2*u + 268 = -0*j - 3*j, -j = 3*u + 93. Let o = -35 - j. What are the prime factors of o?
5, 11
Let u = -29 + 110. Suppose -u = -y + 33. What are the prime factors of y?
2, 3, 19
Let q(s) = -264*s**3 - s**2 - s + 1. List the prime factors of q(-1).
5, 53
Let v = 128 + 23. List the prime factors of v.
151
Let y(x) = -8*x**3 - 30*x**2 + 4*x + 35. What are the prime factors of y(-8)?
2179
Let c(m) = 218*m**3 - m**2 + 1. Let n(r) = 6*r - 65. Let y be n(11). List the prime factors of c(y).
2, 109
Let t(d) = d**3 - 6*d**2 - 12*d + 10. Let l = -15 - -19. Let u be 13 - 2 - (-1 + l). What are the prime factors of t(u)?
2, 3, 7
Suppose 6*o - 2*o - o = 0. Suppose -2*f = 3*p - 349, -5*p + 4*f - 3*f + 560 = 0. Suppose 3*d - p - 13 = o. List the prime factors of d.
2, 3, 7
Let r be ((-6)/5)/((-32)/80). Suppose 2*i - 44 = -2*x + x, -2*i - 140 = -r*x. Let b = x - -10. List the prime factors of b.
2, 7
Let x = -2 - -4. Suppose -r = 4*r + 3*n + 5, -5 = 5*r - x*n. Let i = 4 - r. List the prime factors of i.
5
Let k = -17 + 19. Let l(w) be the third derivative of w**6/60 - w**5/20 + w**4/24 + w**3/3 - w**2. What are the prime factors of l(k)?
2
Suppose 7*a - 4*n + 3524 = 9*a, -2*n = 4*a - 7054. List the prime factors of a.
2, 3, 7
Let g be (2 - -2)/(-4) + 91. Suppose w - 3*c = -0*c + g, -4*w + 2*c + 320 = 0. What are the prime factors of w?
2, 3, 13
Suppose -2*d - 29 = -3*u, -4*u - d = -3*d - 36. List the prime factors of (-1506)/(-27) + u/(126/4).
2, 7
Let t(l) = 11*l - 14. Let a = 58 - 48. What are the prime factors of t(a)?
2, 3
Suppose -64*j - 14700 = -74*j. List the prime factors of j.
2, 3, 5, 7
Suppose 9*x + 626 = 2345. List the prime factors of x.
191
Suppose 5*c - 166 - 154 = 0. Suppose 0 = 3*g + c - 19. What are the prime factors of (-50)/g*12/5?
2
Let y be 4/28 + 3/(-21). Suppose 2*i + 88 = -y*o + 4*o, 0 = 3*o + 9. Let j = -29 - i. What are the prime factors of j?
3, 7
Let p = 795 - -364. What are the prime factors of p?
19, 61
Let s(w) = 23*w - 24. Suppose 4*z = z + 15. List the prime factors of s(z).
7, 13
Suppose 6*q = 958 - 136. Let o = q - -7. What are the prime factors of o?
2, 3
Let x(l) = 6*l + 4. Let q(s) = 5*s + 5. Let d(p) = 7*q(p) - 6*x(p). Let c = 9 + -3. What are the prime factors of d(c)?
5
Suppose -2*a + 7*a - 10 = 0. Let b be ((-77)/22)/((-1)/(-8)). What are the prime factors of (a/4)/((-1)/b)?
2, 7
Let m(k) = k**2 - 3*k - 13. Let f be m(6). Suppose -9*o = -f*o - 112. What are the prime factors of o?
2, 7
Let z(m) be the first derivative of -5*m**4/4 - m**3/3 + m**2/2 + 2*m + 2. Let b be ((-1 - -1) + -3)/(3/2). What are the prime factors of z(b)?
2, 3
Let m be (-110)/(-30) + (-2)/(-6). Suppose -f + m*v = -126, 0*f - 2*f + 2*v + 264 = 0. List the prime factors of f.
2, 67
Let z = 58 - 60. What are the prime factors of 177 + z - 0/(-3)?
5, 7
Let f be (48/4)/4 - 14. Let q(i) = -7*i**2 - 3*i + 9. Let w(u) = 3*u**2 + 2*u - 5. Let r(v) = f*w(v) - 6*q(v). List the prime factors of r(2).
29
Suppose -u = -4*u + 4*p + 14, -5*u = -2*p - 42. Suppose -3*i - a = i + 11, 5*i + u = -5*a. List the prime factors of ((-9)/4)/(i/8).
2, 3
Let a = 6227 + -622. List the prime factors of a.
5, 19, 59
Suppose 912 = -10*t + 5592. What are the prime factors of t?
2, 3, 13
Let d(o) be the third derivative of -1/60*o**5 + 11/6*o**3 + 0 + 0*o - 17/24*o**4 - 6*o**2. What are the prime factors of d(-12)?
71
Let b(i) = -i**3 - 3*i**2 + 4*i - 3. Let o(x) = x**3 + 12*x**2 - 15*x - 32. Let k be o(-13). List the prime factors of b(k).
3
Let k = -71 + 73. Suppose -101 = -3*o + 5*l, -2*l + 20 = k*l. What are the prime factors of o?
2, 3, 7
Suppose 17*u = 14*u + 12. Suppose -3*l + 10 = 5*b, 0 = 6*l - 2*l + u*b - 16. List the prime factors of 6/l*15/2.
3
Let b be (-116)/(-14) + 16/(-56). What are the prime factors of (b/(-10))/((-14)/245)?
2, 7
Suppose -10*p + 34 = -16. Let b be ((-4)/(-2))/((-1)/(-50)). Suppose 0 = -p*y + y + b. List the prime factors of y.
5
Let h(r) = 8*r**2 - 29*r - 504. What are the prime factors of h(-20)?
2, 3, 7, 13
Let y = 41 - 30. Let x(v) = -v**3 + 12*v**2 - 11*v. Let q be x(y). Suppose q = -4*i + i + 2*h + 73, -5*h = -4*i + 102. What are the prime factors of i?
23
Let g = 238 + -81. What are the prime factors of g?
157
Let r(l) = -1678*l + 17. List the prime factors of r(-3).
5051
Let j(a) = 7*a + 2 + 5 - 1. Let u = 121 - 116. List the prime factors of j(u).
41
Suppose 2*a + 4 = 4*a. Let t be 6 + 1 + a - 1. Let u(c) = c**2 - 6*c + 8. What are the prime factors of u(t)?
2, 3
Suppose 2*g - 3*y - 5 = -10, -2*g - 5*y + 19 = 0. What are the prime factors of 141 - 2 - (-1 - g)?
2, 71
Let q(x) = 9*x - 9. Let o be q(3). Suppose -o = w - 343. List the prime factors of w.
5, 13
Let u(w) = -521*w - 22. List the prime factors of u(-2).
2, 3, 5, 17
Suppose 2*l = 3*t - 891 - 97, -3*l = 5*t - 1615. Suppose t = 4*a - m, 0 = -4*m - 0*m + 8. List the prime factors of a.
2, 41
Suppose -4*b = -3*c + 28, -2*b - 12 = -b - 2*c. What are the prime factors of 31 + b + -4 + 4?
3
Let g = -1128 + 1742. Suppose -5*z + 406 = -g. List the prime factors of z.
2, 3, 17
Let a be 21*(-5)/(-30)*-2. Let s = a - -63. What are the prime factors of s?
2, 7
Suppose 10*k - 5*k = 20. Let o = k - 0. Suppose 25 = o*w - 11. List the prime factors of w.
3
Suppose -3*h - 7*f + 10*f = -1554, -4*f = -2*h + 1030. Let t = -300 + h. What are the prime factors of t?
13, 17
Suppose -14*c - 2620 = -4*w - 10*c, -2*c = -4*w + 2620. Suppose 3*x - s - 3*s - w = 0, 2*x + 4*s - 450 = 0. List the prime factors of x.
13, 17
Let a(d) = -d**3 + 10*d**2 + d + 14. Let r be a(10). Suppose -19*c + r*c =